{"id":245,"date":"2023-12-15T12:42:06","date_gmt":"2023-12-15T11:42:06","guid":{"rendered":"https:\/\/fmpt.ac.ma\/website\/?page_id=245"},"modified":"2024-03-25T11:24:59","modified_gmt":"2024-03-25T10:24:59","slug":"deroulements-des-enseignements-apprentissages","status":"publish","type":"page","link":"https:\/\/fmpt.ac.ma\/website\/deroulements-des-enseignements-apprentissages\/","title":{"rendered":"D\u00e9roulements des Enseignements , Apprentissages"},"content":{"rendered":"\n<p>L\u2019ann\u00e9e universitaire commence en septembre :<br>Le stage commence le premier lundi de septembre pour les \u00e9tudiants de la 3\u00e8me, 4\u00e8me , 5\u00e8me et 6\u00e8me ann\u00e9e. ( la bourse Stage est octroy\u00e9e par le minist\u00e8re de la sant\u00e9).La r\u00e9partition des \u00e9tudiants selon leur niveau sur l\u2019ensemble des sites de stage est consultable sur le site de la facult\u00e9 ; mais pour toute information ou \u00e9claircissement, vous pouvez vous adresser \u00e0 l\u2019unit\u00e9 des stages du service de la scolarit\u00e9.<br>La date es cours magistraux , TD, TP est d\u00e9cid\u00e9e par le minist\u00e8re dont rel\u00e8ve l\u2019enseignement sup\u00e9rieur ;habituellement vers la mi-septembre.<br>La date et le lieu de ces enseignements est \u00e9tablie par le service de scolarit\u00e9 sous la direction du vice doyen \u00e0 la formation, ces renseignements sont consultables sur le site de la facult\u00e9 et sont aussi affich\u00e9s dans le hall donnant acc\u00e8s aux amphith\u00e9\u00e2tres<br>Les \u00e9tudiants de la premi\u00e8re et de la deuxi\u00e8me ann\u00e9e ont leur cours le matin entre 8H et 13H ( 4H de cours)et les TP l\u2019apr\u00e8s midi<br>Les \u00e9tudiants de la 3\u00e8me, 4\u00e8me , et 5\u00e8me ont leurs cours les apr\u00e8s- midi et le stage le matin de 8H 30 \u00e0 12H. Les 6\u00e8me ann\u00e9e n\u2019ont que le stage plein temps de 8H 30 \u00e0 15H 30.<\/p>\n","protected":false},"excerpt":{"rendered":"<p>L\u2019ann\u00e9e universitaire commence en septembre :Le stage commence le premier lundi de septembre pour les \u00e9tudiants de la 3\u00e8me, 4\u00e8me , 5\u00e8me et 6\u00e8me ann\u00e9e. ( la bourse Stage est octroy\u00e9e par le minist\u00e8re de la sant\u00e9).La r\u00e9partition des \u00e9tudiants <a href=\"https:\/\/fmpt.ac.ma\/website\/deroulements-des-enseignements-apprentissages\/\" class=\"read-more\">Read More &#8230;<\/a><\/p>\n","protected":false},"author":1,"featured_media":0,"parent":0,"menu_order":0,"comment_status":"closed","ping_status":"closed","template":"","meta":{"footnotes":""},"class_list":["post-245","page","type-page","status-publish","hentry"],"_links":{"self":[{"href":"https:\/\/fmpt.ac.ma\/website\/wp-json\/wp\/v2\/pages\/245","targetHints":{"allow":["GET"]}}],"collection":[{"href":"https:\/\/fmpt.ac.ma\/website\/wp-json\/wp\/v2\/pages"}],"about":[{"href":"https:\/\/fmpt.ac.ma\/website\/wp-json\/wp\/v2\/types\/page"}],"author":[{"embeddable":true,"href":"https:\/\/fmpt.ac.ma\/website\/wp-json\/wp\/v2\/users\/1"}],"replies":[{"embeddable":true,"href":"https:\/\/fmpt.ac.ma\/website\/wp-json\/wp\/v2\/comments?post=245"}],"version-history":[{"count":4,"href":"https:\/\/fmpt.ac.ma\/website\/wp-json\/wp\/v2\/pages\/245\/revisions"}],"predecessor-version":[{"id":1096,"href":"https:\/\/fmpt.ac.ma\/website\/wp-json\/wp\/v2\/pages\/245\/revisions\/1096"}],"wp:attachment":[{"href":"https:\/\/fmpt.ac.ma\/website\/wp-json\/wp\/v2\/media?parent=245"}],"curies":[{"name":"wp","href":"https:\/\/api.w.org\/{rel}","templated":true}]}}