{"id":250,"date":"2023-12-15T12:48:46","date_gmt":"2023-12-15T11:48:46","guid":{"rendered":"https:\/\/fmpt.ac.ma\/website\/?page_id=250"},"modified":"2024-03-25T11:31:04","modified_gmt":"2024-03-25T10:31:04","slug":"regime-des-evaluations-examens-validation-des-acquis","status":"publish","type":"page","link":"https:\/\/fmpt.ac.ma\/website\/regime-des-evaluations-examens-validation-des-acquis\/","title":{"rendered":"R\u00e9gime des \u00c9valuations-Examens, Validation des Acquis"},"content":{"rendered":"\n<h2 class=\"wp-block-heading\">R\u00e9gime des examens<\/h2>\n\n\n\n<p>L\u2019\u00e9valuation des connaissances, des aptitudes et des comp\u00e9tences s\u2019effectue, pour chaque module conform\u00e9ment \u00e0 la forme d\u00e9crite dans le descriptif du module. Il peut s\u2019agir de :contr\u00f4le continu qui peut prendre la forme d\u2019examens, de tests, de devoirs, d\u2019expos\u00e9s, de rapports de stage ou toute autre forme de contr\u00f4le et\/ou sous forme d\u2019un examen final \u00e9crit, pratique ou clinique . De mani\u00e8re g\u00e9n\u00e9rale<br>Les enseignements magistraux : sont \u00e9valu\u00e9s par un examen final pour la plus part d\u2019entre veux<br>Les travaux dirig\u00e9s et les travaux pratiques : sont \u00e9valu\u00e9s par des contr\u00f4les continus et \/ou un contr\u00f4le final :<\/p>\n\n\n\n<ul class=\"wp-block-list\">\n<li>Les stages : sont \u00e9valu\u00e9s par une ou plusieurs m\u00e9thodes suivantes<\/li>\n\n\n\n<li>L\u2019assiduit\u00e9 : comporte la pr\u00e9sence aux stages et l\u2019analyse de l\u2019atteinte des objectifs de stage (portfolio \u2026.)<\/li>\n\n\n\n<li>Contr\u00f4le continu et\/ou contr\u00f4le final. Il peut s\u2019agir dans ces deux derniers cas de : r\u00e9solution de cas cliniques ou d\u2019examen clinique d\u2019un patient avec r\u00e9daction d\u2019une observation m\u00e9dicale refl\u00e9tant le raisonnement clinique de l\u2019\u00e9tudiant ou les deux<\/li>\n<\/ul>\n\n\n\n<h2 class=\"wp-block-heading\">Calendrier des examens<\/h2>\n\n\n\n<p>Chaque ann\u00e9e universitaire comporte deux semestres. Chaque semestre fait l\u2019objet d\u2019une \u00e9valuation s\u00e9par\u00e9e qui se d\u00e9roule en deux session<br>La session principale : en novembre et d\u00e9cembre pour le premier semestre de l\u2019ann\u00e9e et en mai\/juin pour le deuxi\u00e8me semestre de l\u2019ann\u00e9e<br>La seconde session dite de rattrapage a lieu en une seule p\u00e9riode pour tous les semestres de l\u2019ann\u00e9e en juin &#8211; juillet. Tous les modules dont la note est inf\u00e9rieure \u00e0 10\/20 doivent faire l\u2019objet d\u2019un rattrapage. Certains \u00e9tudiants font le choix d\u00e9lib\u00e9r\u00e9 de ne pas passer la session de rattrapage : l\u2019exp\u00e9rience a montr\u00e9 que parfois ce choix s\u2019av\u00e8re d\u00e9sastreux et ne peut b\u00e9n\u00e9ficier de l\u2019indulgence du jury.<\/p>\n\n\n\n<h2 class=\"wp-block-heading\">Modalit\u00e9s de validation des modules<\/h2>\n\n\n\n<p>Note du module : La note d\u2019un module est une moyenne pond\u00e9r\u00e9e des diff\u00e9rentes \u00e9valuations des \u00e9l\u00e9ments qui le composent, conform\u00e9ment aux modalit\u00e9s pr\u00e9vues dans le descriptif du module.<\/p>\n\n\n\n<h2 class=\"wp-block-heading\">Acquisition d\u2019un module :<\/h2>\n\n\n\n<p>Un module est acquis par validation quand la note obtenue dans ce module est sup\u00e9rieure ou \u00e9gale \u00e0 10 sur 20, sans qu\u2019aucune note d\u2019un \u00e9l\u00e9ment de module ne soit inf\u00e9rieure \u00e0 07 sur 20.Mais un \u00e9tudiant qui a une moyenne g\u00e9n\u00e9rale de 10\/20 sur l\u2019ensemble des modules de l\u2019ann\u00e9e peut passer en ann\u00e9e sup\u00e9rieure quand il a un module , au maximum deux modules avec une note \u00e9gale ou sup\u00e9rieure \u00e0 7\/10 et inf\u00e9rieure \u00e0 1O\/2O sous r\u00e9serve que si ces modules comportent des \u00e9l\u00e9ments de modules , leur note ne doit pas \u00eatre inf\u00e9rieure \u00e0 7\/20<\/p>\n\n\n\n<h2 class=\"wp-block-heading\">Validation de l\u2019ann\u00e9e universitaire :<\/h2>\n\n\n\n<p>L\u2019ann\u00e9e est valid\u00e9e et donne droit \u00e0 l&rsquo;inscription pour l&rsquo;ann\u00e9e suivante si les conditions suivantes sont satisfaites :<\/p>\n\n\n\n<ul class=\"wp-block-list\">\n<li>La moyenne g\u00e9n\u00e9rale des notes des modules composant l\u2019ann\u00e9e universitaire est sup\u00e9rieure ou \u00e9gale \u00e0 10\/20<\/li>\n\n\n\n<li>le nombre de modules non valid\u00e9s pour l\u2019ann\u00e9e universitaire est inf\u00e9rieur ou \u00e9gal \u00e0 deux modules sans qu\u2019aucune note de ces deux modules ne soit inf\u00e9rieure \u00e0 07\/20 et sans qu\u2019aucune note d\u2019\u00e9l\u00e9ment de module ne soit inf\u00e9rieure \u00e0 07\/20. Ces modules sont alors acquis par compensation.<\/li>\n\n\n\n<li>Aucune note de module de stage n\u2019est inf\u00e9rieure \u00e0 10\/20.Toutefois l\u2019\u00e9tudiant peut b\u00e9n\u00e9ficier d\u2019un cr\u00e9dit d\u2019au maximum d\u2019un stage fondamental et d\u2019un stage compl\u00e9mentaire, a charge de l\u2019\u00e9tudiant de les valider avant le passage en 6\u00e8me ann\u00e9e (S 11).<\/li>\n<\/ul>\n\n\n\n<h2 class=\"wp-block-heading\">Capitalisation<\/h2>\n\n\n\n<p>En cas de non validation d\u2019une ann\u00e9e, l\u2019\u00e9tudiant conserve \u00e0 titre d\u00e9finitif<\/p>\n\n\n\n<ul class=\"wp-block-list\">\n<li>Le b\u00e9n\u00e9fice des modules compl\u00e9mentaires, des modules outils et d\u2019ouverture dont la note est = ou sup\u00e9rieure \u00e0 10.<\/li>\n\n\n\n<li>Le b\u00e9n\u00e9fice du ou des modules majeurs dont la note est \u00e9gale ou sup\u00e9rieure 12\/20.<\/li>\n\n\n\n<li>L\u2019\u00e9tudiant qui redouble l\u2019ann\u00e9e est dispens\u00e9 des contr\u00f4les de ces modules et gardera la note d\u00e9j\u00e0 obtenue (ces modules sont donc consid\u00e9r\u00e9s valid\u00e9s).<\/li>\n<\/ul>\n\n\n\n<p>Pour plus de d\u00e9tail le r\u00e8glement complet des \u00e9valuations est donn\u00e9 en annexe<\/p>\n","protected":false},"excerpt":{"rendered":"<p>R\u00e9gime des examens L\u2019\u00e9valuation des connaissances, des aptitudes et des comp\u00e9tences s\u2019effectue, pour chaque module conform\u00e9ment \u00e0 la forme d\u00e9crite dans le descriptif du module. Il peut s\u2019agir de :contr\u00f4le continu qui peut prendre la forme d\u2019examens, de tests, de <a href=\"https:\/\/fmpt.ac.ma\/website\/regime-des-evaluations-examens-validation-des-acquis\/\" class=\"read-more\">Read More &#8230;<\/a><\/p>\n","protected":false},"author":1,"featured_media":0,"parent":0,"menu_order":0,"comment_status":"closed","ping_status":"closed","template":"","meta":{"footnotes":""},"class_list":["post-250","page","type-page","status-publish","hentry"],"_links":{"self":[{"href":"https:\/\/fmpt.ac.ma\/website\/wp-json\/wp\/v2\/pages\/250","targetHints":{"allow":["GET"]}}],"collection":[{"href":"https:\/\/fmpt.ac.ma\/website\/wp-json\/wp\/v2\/pages"}],"about":[{"href":"https:\/\/fmpt.ac.ma\/website\/wp-json\/wp\/v2\/types\/page"}],"author":[{"embeddable":true,"href":"https:\/\/fmpt.ac.ma\/website\/wp-json\/wp\/v2\/users\/1"}],"replies":[{"embeddable":true,"href":"https:\/\/fmpt.ac.ma\/website\/wp-json\/wp\/v2\/comments?post=250"}],"version-history":[{"count":3,"href":"https:\/\/fmpt.ac.ma\/website\/wp-json\/wp\/v2\/pages\/250\/revisions"}],"predecessor-version":[{"id":1108,"href":"https:\/\/fmpt.ac.ma\/website\/wp-json\/wp\/v2\/pages\/250\/revisions\/1108"}],"wp:attachment":[{"href":"https:\/\/fmpt.ac.ma\/website\/wp-json\/wp\/v2\/media?parent=250"}],"curies":[{"name":"wp","href":"https:\/\/api.w.org\/{rel}","templated":true}]}}