{"id":3178,"date":"2024-12-09T11:23:50","date_gmt":"2024-12-09T10:23:50","guid":{"rendered":"https:\/\/fmpt.ac.ma\/website\/?page_id=3178"},"modified":"2024-12-09T12:00:15","modified_gmt":"2024-12-09T11:00:15","slug":"memorandum-of-understanding-between-abdelmalek-essaadi-university-and-south-west-university-neofit-rislk-in-bulgaria","status":"publish","type":"page","link":"https:\/\/fmpt.ac.ma\/website\/memorandum-of-understanding-between-abdelmalek-essaadi-university-and-south-west-university-neofit-rislk-in-bulgaria\/","title":{"rendered":"Memorandum of understanding between Abdelmalek Essa\u00e2di University and South West University \u00ab\u00a0Neofit Rislk\u00a0\u00bb in Bulgaria"},"content":{"rendered":"\n<p class=\"has-text-align-left has-black-color has-text-color has-link-color has-medium-font-size wp-elements-96a8ebcba05633f95239171c77c2f1cf\">Le lundi 1er novembre 2024, l&rsquo;Universit\u00e9 Abdelmalek Essa\u00e2di, repr\u00e9sent\u00e9e par le Pr\u00e9sident, M. Bouchta El Moumni, et l&rsquo;Universit\u00e9 du Sud-Ouest en Bulgarie, repr\u00e9sent\u00e9e par son Recteur, M. Nikolay Marin, ont sign\u00e9 un m\u00e9morandum d&rsquo;entente dans le cadre de la strat\u00e9gie d&rsquo;internationalisation de l&rsquo;universit\u00e9.<br>En encourageant et en promouvant des activit\u00e9s et des projets \u00e9ducatifs, professionnels et interculturels parmi les \u00e9tudiants, les enseignants et le personnel, le protocole cherche \u00e0 faire progresser et \u00e0 \u00e9largir la compr\u00e9hension internationale, le d\u00e9veloppement et la coop\u00e9ration entre les deux universit\u00e9s.<br>En plus d&rsquo;\u00eatre mutuellement avantageux, ce partenariat ouvre la voie \u00e0 de futurs projets de collaboration, notamment dans le domaine de la formation des infirmi\u00e8res et des sages-femmes, dans lesquels la Facult\u00e9 de M\u00e9decine et de Pharmacie de Tanger pourrait apporter une contribution inestimable.<\/p>\n\n\n\n<div style=\"height:47px\" aria-hidden=\"true\" class=\"wp-block-spacer\"><\/div>\n\n\n\n<figure class=\"wp-block-gallery aligncenter has-nested-images columns-3 is-cropped wp-block-gallery-1 is-layout-flex wp-block-gallery-is-layout-flex\">\n<figure data-wp-context=\"{&quot;imageId&quot;:&quot;69dabdf87ea26&quot;}\" data-wp-interactive=\"core\/image\" data-wp-key=\"69dabdf87ea26\" class=\"wp-block-image size-large wp-lightbox-container\"><img loading=\"lazy\" decoding=\"async\" width=\"1024\" height=\"576\" data-wp-class--hide=\"state.isContentHidden\" data-wp-class--show=\"state.isContentVisible\" data-wp-init=\"callbacks.setButtonStyles\" data-wp-on--click=\"actions.showLightbox\" data-wp-on--load=\"callbacks.setButtonStyles\" data-wp-on-window--resize=\"callbacks.setButtonStyles\" data-id=\"3172\" src=\"https:\/\/fmpt.ac.ma\/website\/wp-content\/uploads\/2024\/12\/Bulgarie-11-1024x576.jpeg\" alt=\"\" class=\"wp-image-3172\" srcset=\"https:\/\/fmpt.ac.ma\/website\/wp-content\/uploads\/2024\/12\/Bulgarie-11-1024x576.jpeg 1024w, https:\/\/fmpt.ac.ma\/website\/wp-content\/uploads\/2024\/12\/Bulgarie-11-768x432.jpeg 768w, https:\/\/fmpt.ac.ma\/website\/wp-content\/uploads\/2024\/12\/Bulgarie-11-1536x864.jpeg 1536w, https:\/\/fmpt.ac.ma\/website\/wp-content\/uploads\/2024\/12\/Bulgarie-11-2048x1152.jpeg 2048w, https:\/\/fmpt.ac.ma\/website\/wp-content\/uploads\/2024\/12\/Bulgarie-11-360x203.jpeg 360w\" sizes=\"auto, (max-width: 1024px) 100vw, 1024px\" \/><button\n\t\t\tclass=\"lightbox-trigger\"\n\t\t\ttype=\"button\"\n\t\t\taria-haspopup=\"dialog\"\n\t\t\taria-label=\"Agrandir\"\n\t\t\tdata-wp-init=\"callbacks.initTriggerButton\"\n\t\t\tdata-wp-on--click=\"actions.showLightbox\"\n\t\t\tdata-wp-style--right=\"state.imageButtonRight\"\n\t\t\tdata-wp-style--top=\"state.imageButtonTop\"\n\t\t>\n\t\t\t<svg xmlns=\"http:\/\/www.w3.org\/2000\/svg\" width=\"12\" height=\"12\" fill=\"none\" viewBox=\"0 0 12 12\">\n\t\t\t\t<path fill=\"#fff\" d=\"M2 0a2 2 0 0 0-2 2v2h1.5V2a.5.5 0 0 1 .5-.5h2V0H2Zm2 10.5H2a.5.5 0 0 1-.5-.5V8H0v2a2 2 0 0 0 2 2h2v-1.5ZM8 12v-1.5h2a.5.5 0 0 0 .5-.5V8H12v2a2 2 0 0 1-2 2H8Zm2-12a2 2 0 0 1 2 2v2h-1.5V2a.5.5 0 0 0-.5-.5H8V0h2Z\" \/>\n\t\t\t<\/svg>\n\t\t<\/button><\/figure>\n\n\n\n<figure data-wp-context=\"{&quot;imageId&quot;:&quot;69dabdf87f1a6&quot;}\" data-wp-interactive=\"core\/image\" data-wp-key=\"69dabdf87f1a6\" class=\"wp-block-image size-large wp-lightbox-container\"><img loading=\"lazy\" decoding=\"async\" width=\"1024\" height=\"576\" data-wp-class--hide=\"state.isContentHidden\" data-wp-class--show=\"state.isContentVisible\" data-wp-init=\"callbacks.setButtonStyles\" data-wp-on--click=\"actions.showLightbox\" data-wp-on--load=\"callbacks.setButtonStyles\" data-wp-on-window--resize=\"callbacks.setButtonStyles\" data-id=\"3173\" src=\"https:\/\/fmpt.ac.ma\/website\/wp-content\/uploads\/2024\/12\/Bulgarie-10-1024x576.jpeg\" alt=\"\" class=\"wp-image-3173\" srcset=\"https:\/\/fmpt.ac.ma\/website\/wp-content\/uploads\/2024\/12\/Bulgarie-10-1024x576.jpeg 1024w, https:\/\/fmpt.ac.ma\/website\/wp-content\/uploads\/2024\/12\/Bulgarie-10-768x432.jpeg 768w, https:\/\/fmpt.ac.ma\/website\/wp-content\/uploads\/2024\/12\/Bulgarie-10-1536x864.jpeg 1536w, https:\/\/fmpt.ac.ma\/website\/wp-content\/uploads\/2024\/12\/Bulgarie-10-2048x1152.jpeg 2048w, https:\/\/fmpt.ac.ma\/website\/wp-content\/uploads\/2024\/12\/Bulgarie-10-360x203.jpeg 360w\" sizes=\"auto, (max-width: 1024px) 100vw, 1024px\" \/><button\n\t\t\tclass=\"lightbox-trigger\"\n\t\t\ttype=\"button\"\n\t\t\taria-haspopup=\"dialog\"\n\t\t\taria-label=\"Agrandir\"\n\t\t\tdata-wp-init=\"callbacks.initTriggerButton\"\n\t\t\tdata-wp-on--click=\"actions.showLightbox\"\n\t\t\tdata-wp-style--right=\"state.imageButtonRight\"\n\t\t\tdata-wp-style--top=\"state.imageButtonTop\"\n\t\t>\n\t\t\t<svg xmlns=\"http:\/\/www.w3.org\/2000\/svg\" width=\"12\" height=\"12\" fill=\"none\" viewBox=\"0 0 12 12\">\n\t\t\t\t<path fill=\"#fff\" d=\"M2 0a2 2 0 0 0-2 2v2h1.5V2a.5.5 0 0 1 .5-.5h2V0H2Zm2 10.5H2a.5.5 0 0 1-.5-.5V8H0v2a2 2 0 0 0 2 2h2v-1.5ZM8 12v-1.5h2a.5.5 0 0 0 .5-.5V8H12v2a2 2 0 0 1-2 2H8Zm2-12a2 2 0 0 1 2 2v2h-1.5V2a.5.5 0 0 0-.5-.5H8V0h2Z\" \/>\n\t\t\t<\/svg>\n\t\t<\/button><\/figure>\n\n\n\n<figure data-wp-context=\"{&quot;imageId&quot;:&quot;69dabdf87f839&quot;}\" data-wp-interactive=\"core\/image\" data-wp-key=\"69dabdf87f839\" class=\"wp-block-image size-large wp-lightbox-container\"><img loading=\"lazy\" decoding=\"async\" width=\"1024\" height=\"576\" data-wp-class--hide=\"state.isContentHidden\" data-wp-class--show=\"state.isContentVisible\" data-wp-init=\"callbacks.setButtonStyles\" data-wp-on--click=\"actions.showLightbox\" data-wp-on--load=\"callbacks.setButtonStyles\" data-wp-on-window--resize=\"callbacks.setButtonStyles\" data-id=\"3174\" src=\"https:\/\/fmpt.ac.ma\/website\/wp-content\/uploads\/2024\/12\/Bulgarie-8-1024x576.jpeg\" alt=\"\" class=\"wp-image-3174\" srcset=\"https:\/\/fmpt.ac.ma\/website\/wp-content\/uploads\/2024\/12\/Bulgarie-8-1024x576.jpeg 1024w, https:\/\/fmpt.ac.ma\/website\/wp-content\/uploads\/2024\/12\/Bulgarie-8-768x432.jpeg 768w, https:\/\/fmpt.ac.ma\/website\/wp-content\/uploads\/2024\/12\/Bulgarie-8-1536x864.jpeg 1536w, https:\/\/fmpt.ac.ma\/website\/wp-content\/uploads\/2024\/12\/Bulgarie-8-2048x1152.jpeg 2048w, https:\/\/fmpt.ac.ma\/website\/wp-content\/uploads\/2024\/12\/Bulgarie-8-360x203.jpeg 360w\" sizes=\"auto, (max-width: 1024px) 100vw, 1024px\" \/><button\n\t\t\tclass=\"lightbox-trigger\"\n\t\t\ttype=\"button\"\n\t\t\taria-haspopup=\"dialog\"\n\t\t\taria-label=\"Agrandir\"\n\t\t\tdata-wp-init=\"callbacks.initTriggerButton\"\n\t\t\tdata-wp-on--click=\"actions.showLightbox\"\n\t\t\tdata-wp-style--right=\"state.imageButtonRight\"\n\t\t\tdata-wp-style--top=\"state.imageButtonTop\"\n\t\t>\n\t\t\t<svg xmlns=\"http:\/\/www.w3.org\/2000\/svg\" width=\"12\" height=\"12\" fill=\"none\" viewBox=\"0 0 12 12\">\n\t\t\t\t<path fill=\"#fff\" d=\"M2 0a2 2 0 0 0-2 2v2h1.5V2a.5.5 0 0 1 .5-.5h2V0H2Zm2 10.5H2a.5.5 0 0 1-.5-.5V8H0v2a2 2 0 0 0 2 2h2v-1.5ZM8 12v-1.5h2a.5.5 0 0 0 .5-.5V8H12v2a2 2 0 0 1-2 2H8Zm2-12a2 2 0 0 1 2 2v2h-1.5V2a.5.5 0 0 0-.5-.5H8V0h2Z\" \/>\n\t\t\t<\/svg>\n\t\t<\/button><\/figure>\n\n\n\n<figure data-wp-context=\"{&quot;imageId&quot;:&quot;69dabdf87feaa&quot;}\" data-wp-interactive=\"core\/image\" data-wp-key=\"69dabdf87feaa\" class=\"wp-block-image size-large wp-lightbox-container\"><img loading=\"lazy\" decoding=\"async\" width=\"1024\" height=\"576\" data-wp-class--hide=\"state.isContentHidden\" data-wp-class--show=\"state.isContentVisible\" data-wp-init=\"callbacks.setButtonStyles\" data-wp-on--click=\"actions.showLightbox\" data-wp-on--load=\"callbacks.setButtonStyles\" data-wp-on-window--resize=\"callbacks.setButtonStyles\" data-id=\"3175\" src=\"https:\/\/fmpt.ac.ma\/website\/wp-content\/uploads\/2024\/12\/Bulgarie-9-1024x576.jpeg\" alt=\"\" class=\"wp-image-3175\" srcset=\"https:\/\/fmpt.ac.ma\/website\/wp-content\/uploads\/2024\/12\/Bulgarie-9-1024x576.jpeg 1024w, https:\/\/fmpt.ac.ma\/website\/wp-content\/uploads\/2024\/12\/Bulgarie-9-768x432.jpeg 768w, https:\/\/fmpt.ac.ma\/website\/wp-content\/uploads\/2024\/12\/Bulgarie-9-1536x864.jpeg 1536w, https:\/\/fmpt.ac.ma\/website\/wp-content\/uploads\/2024\/12\/Bulgarie-9-2048x1152.jpeg 2048w, https:\/\/fmpt.ac.ma\/website\/wp-content\/uploads\/2024\/12\/Bulgarie-9-360x203.jpeg 360w\" sizes=\"auto, (max-width: 1024px) 100vw, 1024px\" \/><button\n\t\t\tclass=\"lightbox-trigger\"\n\t\t\ttype=\"button\"\n\t\t\taria-haspopup=\"dialog\"\n\t\t\taria-label=\"Agrandir\"\n\t\t\tdata-wp-init=\"callbacks.initTriggerButton\"\n\t\t\tdata-wp-on--click=\"actions.showLightbox\"\n\t\t\tdata-wp-style--right=\"state.imageButtonRight\"\n\t\t\tdata-wp-style--top=\"state.imageButtonTop\"\n\t\t>\n\t\t\t<svg xmlns=\"http:\/\/www.w3.org\/2000\/svg\" width=\"12\" height=\"12\" fill=\"none\" viewBox=\"0 0 12 12\">\n\t\t\t\t<path fill=\"#fff\" d=\"M2 0a2 2 0 0 0-2 2v2h1.5V2a.5.5 0 0 1 .5-.5h2V0H2Zm2 10.5H2a.5.5 0 0 1-.5-.5V8H0v2a2 2 0 0 0 2 2h2v-1.5ZM8 12v-1.5h2a.5.5 0 0 0 .5-.5V8H12v2a2 2 0 0 1-2 2H8Zm2-12a2 2 0 0 1 2 2v2h-1.5V2a.5.5 0 0 0-.5-.5H8V0h2Z\" \/>\n\t\t\t<\/svg>\n\t\t<\/button><\/figure>\n\n\n\n<figure data-wp-context=\"{&quot;imageId&quot;:&quot;69dabdf88052e&quot;}\" data-wp-interactive=\"core\/image\" data-wp-key=\"69dabdf88052e\" class=\"wp-block-image size-large wp-lightbox-container\"><img loading=\"lazy\" decoding=\"async\" width=\"1024\" height=\"576\" data-wp-class--hide=\"state.isContentHidden\" data-wp-class--show=\"state.isContentVisible\" data-wp-init=\"callbacks.setButtonStyles\" data-wp-on--click=\"actions.showLightbox\" data-wp-on--load=\"callbacks.setButtonStyles\" data-wp-on-window--resize=\"callbacks.setButtonStyles\" data-id=\"3177\" src=\"https:\/\/fmpt.ac.ma\/website\/wp-content\/uploads\/2024\/12\/Bulgarie-6-1024x576.jpeg\" alt=\"\" class=\"wp-image-3177\" srcset=\"https:\/\/fmpt.ac.ma\/website\/wp-content\/uploads\/2024\/12\/Bulgarie-6-1024x576.jpeg 1024w, https:\/\/fmpt.ac.ma\/website\/wp-content\/uploads\/2024\/12\/Bulgarie-6-768x432.jpeg 768w, https:\/\/fmpt.ac.ma\/website\/wp-content\/uploads\/2024\/12\/Bulgarie-6-1536x864.jpeg 1536w, https:\/\/fmpt.ac.ma\/website\/wp-content\/uploads\/2024\/12\/Bulgarie-6-2048x1152.jpeg 2048w, https:\/\/fmpt.ac.ma\/website\/wp-content\/uploads\/2024\/12\/Bulgarie-6-360x203.jpeg 360w\" sizes=\"auto, (max-width: 1024px) 100vw, 1024px\" \/><button\n\t\t\tclass=\"lightbox-trigger\"\n\t\t\ttype=\"button\"\n\t\t\taria-haspopup=\"dialog\"\n\t\t\taria-label=\"Agrandir\"\n\t\t\tdata-wp-init=\"callbacks.initTriggerButton\"\n\t\t\tdata-wp-on--click=\"actions.showLightbox\"\n\t\t\tdata-wp-style--right=\"state.imageButtonRight\"\n\t\t\tdata-wp-style--top=\"state.imageButtonTop\"\n\t\t>\n\t\t\t<svg xmlns=\"http:\/\/www.w3.org\/2000\/svg\" width=\"12\" height=\"12\" fill=\"none\" viewBox=\"0 0 12 12\">\n\t\t\t\t<path fill=\"#fff\" d=\"M2 0a2 2 0 0 0-2 2v2h1.5V2a.5.5 0 0 1 .5-.5h2V0H2Zm2 10.5H2a.5.5 0 0 1-.5-.5V8H0v2a2 2 0 0 0 2 2h2v-1.5ZM8 12v-1.5h2a.5.5 0 0 0 .5-.5V8H12v2a2 2 0 0 1-2 2H8Zm2-12a2 2 0 0 1 2 2v2h-1.5V2a.5.5 0 0 0-.5-.5H8V0h2Z\" \/>\n\t\t\t<\/svg>\n\t\t<\/button><\/figure>\n\n\n\n<figure data-wp-context=\"{&quot;imageId&quot;:&quot;69dabdf880b9d&quot;}\" data-wp-interactive=\"core\/image\" data-wp-key=\"69dabdf880b9d\" class=\"wp-block-image size-large wp-lightbox-container\"><img loading=\"lazy\" decoding=\"async\" width=\"1024\" height=\"576\" data-wp-class--hide=\"state.isContentHidden\" data-wp-class--show=\"state.isContentVisible\" data-wp-init=\"callbacks.setButtonStyles\" data-wp-on--click=\"actions.showLightbox\" data-wp-on--load=\"callbacks.setButtonStyles\" data-wp-on-window--resize=\"callbacks.setButtonStyles\" data-id=\"3179\" src=\"https:\/\/fmpt.ac.ma\/website\/wp-content\/uploads\/2024\/12\/Bulgarie-2-1024x576.jpeg\" alt=\"\" class=\"wp-image-3179\" srcset=\"https:\/\/fmpt.ac.ma\/website\/wp-content\/uploads\/2024\/12\/Bulgarie-2-1024x576.jpeg 1024w, https:\/\/fmpt.ac.ma\/website\/wp-content\/uploads\/2024\/12\/Bulgarie-2-768x432.jpeg 768w, https:\/\/fmpt.ac.ma\/website\/wp-content\/uploads\/2024\/12\/Bulgarie-2-1536x864.jpeg 1536w, https:\/\/fmpt.ac.ma\/website\/wp-content\/uploads\/2024\/12\/Bulgarie-2-2048x1152.jpeg 2048w, https:\/\/fmpt.ac.ma\/website\/wp-content\/uploads\/2024\/12\/Bulgarie-2-360x203.jpeg 360w\" sizes=\"auto, (max-width: 1024px) 100vw, 1024px\" \/><button\n\t\t\tclass=\"lightbox-trigger\"\n\t\t\ttype=\"button\"\n\t\t\taria-haspopup=\"dialog\"\n\t\t\taria-label=\"Agrandir\"\n\t\t\tdata-wp-init=\"callbacks.initTriggerButton\"\n\t\t\tdata-wp-on--click=\"actions.showLightbox\"\n\t\t\tdata-wp-style--right=\"state.imageButtonRight\"\n\t\t\tdata-wp-style--top=\"state.imageButtonTop\"\n\t\t>\n\t\t\t<svg xmlns=\"http:\/\/www.w3.org\/2000\/svg\" width=\"12\" height=\"12\" fill=\"none\" viewBox=\"0 0 12 12\">\n\t\t\t\t<path fill=\"#fff\" d=\"M2 0a2 2 0 0 0-2 2v2h1.5V2a.5.5 0 0 1 .5-.5h2V0H2Zm2 10.5H2a.5.5 0 0 1-.5-.5V8H0v2a2 2 0 0 0 2 2h2v-1.5ZM8 12v-1.5h2a.5.5 0 0 0 .5-.5V8H12v2a2 2 0 0 1-2 2H8Zm2-12a2 2 0 0 1 2 2v2h-1.5V2a.5.5 0 0 0-.5-.5H8V0h2Z\" \/>\n\t\t\t<\/svg>\n\t\t<\/button><\/figure>\n\n\n\n<figure data-wp-context=\"{&quot;imageId&quot;:&quot;69dabdf881211&quot;}\" data-wp-interactive=\"core\/image\" data-wp-key=\"69dabdf881211\" class=\"wp-block-image size-large wp-lightbox-container\"><img loading=\"lazy\" decoding=\"async\" width=\"1024\" height=\"576\" data-wp-class--hide=\"state.isContentHidden\" data-wp-class--show=\"state.isContentVisible\" data-wp-init=\"callbacks.setButtonStyles\" data-wp-on--click=\"actions.showLightbox\" data-wp-on--load=\"callbacks.setButtonStyles\" data-wp-on-window--resize=\"callbacks.setButtonStyles\" data-id=\"3180\" src=\"https:\/\/fmpt.ac.ma\/website\/wp-content\/uploads\/2024\/12\/Bulgarie-5-1024x576.jpeg\" alt=\"\" class=\"wp-image-3180\" srcset=\"https:\/\/fmpt.ac.ma\/website\/wp-content\/uploads\/2024\/12\/Bulgarie-5-1024x576.jpeg 1024w, https:\/\/fmpt.ac.ma\/website\/wp-content\/uploads\/2024\/12\/Bulgarie-5-768x432.jpeg 768w, https:\/\/fmpt.ac.ma\/website\/wp-content\/uploads\/2024\/12\/Bulgarie-5-1536x864.jpeg 1536w, https:\/\/fmpt.ac.ma\/website\/wp-content\/uploads\/2024\/12\/Bulgarie-5-2048x1152.jpeg 2048w, https:\/\/fmpt.ac.ma\/website\/wp-content\/uploads\/2024\/12\/Bulgarie-5-360x203.jpeg 360w\" sizes=\"auto, (max-width: 1024px) 100vw, 1024px\" \/><button\n\t\t\tclass=\"lightbox-trigger\"\n\t\t\ttype=\"button\"\n\t\t\taria-haspopup=\"dialog\"\n\t\t\taria-label=\"Agrandir\"\n\t\t\tdata-wp-init=\"callbacks.initTriggerButton\"\n\t\t\tdata-wp-on--click=\"actions.showLightbox\"\n\t\t\tdata-wp-style--right=\"state.imageButtonRight\"\n\t\t\tdata-wp-style--top=\"state.imageButtonTop\"\n\t\t>\n\t\t\t<svg xmlns=\"http:\/\/www.w3.org\/2000\/svg\" width=\"12\" height=\"12\" fill=\"none\" viewBox=\"0 0 12 12\">\n\t\t\t\t<path fill=\"#fff\" d=\"M2 0a2 2 0 0 0-2 2v2h1.5V2a.5.5 0 0 1 .5-.5h2V0H2Zm2 10.5H2a.5.5 0 0 1-.5-.5V8H0v2a2 2 0 0 0 2 2h2v-1.5ZM8 12v-1.5h2a.5.5 0 0 0 .5-.5V8H12v2a2 2 0 0 1-2 2H8Zm2-12a2 2 0 0 1 2 2v2h-1.5V2a.5.5 0 0 0-.5-.5H8V0h2Z\" \/>\n\t\t\t<\/svg>\n\t\t<\/button><\/figure>\n\n\n\n<figure data-wp-context=\"{&quot;imageId&quot;:&quot;69dabdf8818b0&quot;}\" data-wp-interactive=\"core\/image\" data-wp-key=\"69dabdf8818b0\" class=\"wp-block-image size-large wp-lightbox-container\"><img loading=\"lazy\" decoding=\"async\" width=\"1024\" height=\"576\" data-wp-class--hide=\"state.isContentHidden\" data-wp-class--show=\"state.isContentVisible\" data-wp-init=\"callbacks.setButtonStyles\" data-wp-on--click=\"actions.showLightbox\" data-wp-on--load=\"callbacks.setButtonStyles\" data-wp-on-window--resize=\"callbacks.setButtonStyles\" data-id=\"3181\" src=\"https:\/\/fmpt.ac.ma\/website\/wp-content\/uploads\/2024\/12\/Bulgarie-1-1024x576.jpeg\" alt=\"\" class=\"wp-image-3181\" srcset=\"https:\/\/fmpt.ac.ma\/website\/wp-content\/uploads\/2024\/12\/Bulgarie-1-1024x576.jpeg 1024w, https:\/\/fmpt.ac.ma\/website\/wp-content\/uploads\/2024\/12\/Bulgarie-1-768x432.jpeg 768w, https:\/\/fmpt.ac.ma\/website\/wp-content\/uploads\/2024\/12\/Bulgarie-1-1536x864.jpeg 1536w, https:\/\/fmpt.ac.ma\/website\/wp-content\/uploads\/2024\/12\/Bulgarie-1-2048x1152.jpeg 2048w, https:\/\/fmpt.ac.ma\/website\/wp-content\/uploads\/2024\/12\/Bulgarie-1-360x203.jpeg 360w\" sizes=\"auto, (max-width: 1024px) 100vw, 1024px\" \/><button\n\t\t\tclass=\"lightbox-trigger\"\n\t\t\ttype=\"button\"\n\t\t\taria-haspopup=\"dialog\"\n\t\t\taria-label=\"Agrandir\"\n\t\t\tdata-wp-init=\"callbacks.initTriggerButton\"\n\t\t\tdata-wp-on--click=\"actions.showLightbox\"\n\t\t\tdata-wp-style--right=\"state.imageButtonRight\"\n\t\t\tdata-wp-style--top=\"state.imageButtonTop\"\n\t\t>\n\t\t\t<svg xmlns=\"http:\/\/www.w3.org\/2000\/svg\" width=\"12\" height=\"12\" fill=\"none\" viewBox=\"0 0 12 12\">\n\t\t\t\t<path fill=\"#fff\" d=\"M2 0a2 2 0 0 0-2 2v2h1.5V2a.5.5 0 0 1 .5-.5h2V0H2Zm2 10.5H2a.5.5 0 0 1-.5-.5V8H0v2a2 2 0 0 0 2 2h2v-1.5ZM8 12v-1.5h2a.5.5 0 0 0 .5-.5V8H12v2a2 2 0 0 1-2 2H8Zm2-12a2 2 0 0 1 2 2v2h-1.5V2a.5.5 0 0 0-.5-.5H8V0h2Z\" \/>\n\t\t\t<\/svg>\n\t\t<\/button><\/figure>\n\n\n\n<figure data-wp-context=\"{&quot;imageId&quot;:&quot;69dabdf881f1c&quot;}\" data-wp-interactive=\"core\/image\" data-wp-key=\"69dabdf881f1c\" class=\"wp-block-image size-large wp-lightbox-container\"><img loading=\"lazy\" decoding=\"async\" width=\"1024\" height=\"576\" data-wp-class--hide=\"state.isContentHidden\" data-wp-class--show=\"state.isContentVisible\" data-wp-init=\"callbacks.setButtonStyles\" data-wp-on--click=\"actions.showLightbox\" data-wp-on--load=\"callbacks.setButtonStyles\" data-wp-on-window--resize=\"callbacks.setButtonStyles\" data-id=\"3182\" src=\"https:\/\/fmpt.ac.ma\/website\/wp-content\/uploads\/2024\/12\/Bulgarie-4-1024x576.jpeg\" alt=\"\" class=\"wp-image-3182\" srcset=\"https:\/\/fmpt.ac.ma\/website\/wp-content\/uploads\/2024\/12\/Bulgarie-4-1024x576.jpeg 1024w, https:\/\/fmpt.ac.ma\/website\/wp-content\/uploads\/2024\/12\/Bulgarie-4-768x432.jpeg 768w, https:\/\/fmpt.ac.ma\/website\/wp-content\/uploads\/2024\/12\/Bulgarie-4-1536x864.jpeg 1536w, https:\/\/fmpt.ac.ma\/website\/wp-content\/uploads\/2024\/12\/Bulgarie-4-2048x1152.jpeg 2048w, https:\/\/fmpt.ac.ma\/website\/wp-content\/uploads\/2024\/12\/Bulgarie-4-360x203.jpeg 360w\" sizes=\"auto, (max-width: 1024px) 100vw, 1024px\" \/><button\n\t\t\tclass=\"lightbox-trigger\"\n\t\t\ttype=\"button\"\n\t\t\taria-haspopup=\"dialog\"\n\t\t\taria-label=\"Agrandir\"\n\t\t\tdata-wp-init=\"callbacks.initTriggerButton\"\n\t\t\tdata-wp-on--click=\"actions.showLightbox\"\n\t\t\tdata-wp-style--right=\"state.imageButtonRight\"\n\t\t\tdata-wp-style--top=\"state.imageButtonTop\"\n\t\t>\n\t\t\t<svg xmlns=\"http:\/\/www.w3.org\/2000\/svg\" width=\"12\" height=\"12\" fill=\"none\" viewBox=\"0 0 12 12\">\n\t\t\t\t<path fill=\"#fff\" d=\"M2 0a2 2 0 0 0-2 2v2h1.5V2a.5.5 0 0 1 .5-.5h2V0H2Zm2 10.5H2a.5.5 0 0 1-.5-.5V8H0v2a2 2 0 0 0 2 2h2v-1.5ZM8 12v-1.5h2a.5.5 0 0 0 .5-.5V8H12v2a2 2 0 0 1-2 2H8Zm2-12a2 2 0 0 1 2 2v2h-1.5V2a.5.5 0 0 0-.5-.5H8V0h2Z\" \/>\n\t\t\t<\/svg>\n\t\t<\/button><\/figure>\n<\/figure>\n","protected":false},"excerpt":{"rendered":"<p>Le lundi 1er novembre 2024, l&rsquo;Universit\u00e9 Abdelmalek Essa\u00e2di, repr\u00e9sent\u00e9e par le Pr\u00e9sident, M. Bouchta El Moumni, et l&rsquo;Universit\u00e9 du Sud-Ouest en Bulgarie, repr\u00e9sent\u00e9e par son Recteur, M. Nikolay Marin, ont sign\u00e9 un m\u00e9morandum d&rsquo;entente dans le cadre de la strat\u00e9gie <a href=\"https:\/\/fmpt.ac.ma\/website\/memorandum-of-understanding-between-abdelmalek-essaadi-university-and-south-west-university-neofit-rislk-in-bulgaria\/\" class=\"read-more\">Read More &#8230;<\/a><\/p>\n","protected":false},"author":2,"featured_media":0,"parent":0,"menu_order":0,"comment_status":"closed","ping_status":"closed","template":"","meta":{"footnotes":""},"class_list":["post-3178","page","type-page","status-publish","hentry"],"_links":{"self":[{"href":"https:\/\/fmpt.ac.ma\/website\/wp-json\/wp\/v2\/pages\/3178","targetHints":{"allow":["GET"]}}],"collection":[{"href":"https:\/\/fmpt.ac.ma\/website\/wp-json\/wp\/v2\/pages"}],"about":[{"href":"https:\/\/fmpt.ac.ma\/website\/wp-json\/wp\/v2\/types\/page"}],"author":[{"embeddable":true,"href":"https:\/\/fmpt.ac.ma\/website\/wp-json\/wp\/v2\/users\/2"}],"replies":[{"embeddable":true,"href":"https:\/\/fmpt.ac.ma\/website\/wp-json\/wp\/v2\/comments?post=3178"}],"version-history":[{"count":4,"href":"https:\/\/fmpt.ac.ma\/website\/wp-json\/wp\/v2\/pages\/3178\/revisions"}],"predecessor-version":[{"id":3206,"href":"https:\/\/fmpt.ac.ma\/website\/wp-json\/wp\/v2\/pages\/3178\/revisions\/3206"}],"wp:attachment":[{"href":"https:\/\/fmpt.ac.ma\/website\/wp-json\/wp\/v2\/media?parent=3178"}],"curies":[{"name":"wp","href":"https:\/\/api.w.org\/{rel}","templated":true}]}}