{"id":5312,"date":"2025-09-03T15:55:06","date_gmt":"2025-09-03T13:55:06","guid":{"rendered":"https:\/\/fmpt.ac.ma\/website\/?page_id=5312"},"modified":"2025-10-21T22:00:59","modified_gmt":"2025-10-21T20:00:59","slug":"resultats-des-concours-de-concours-dinternat-et-residanat","status":"publish","type":"page","link":"https:\/\/fmpt.ac.ma\/website\/resultats-des-concours-de-concours-dinternat-et-residanat\/","title":{"rendered":"R\u00e9sultats des concours d\u2019Internat et R\u00e9sidanat"},"content":{"rendered":"\n<h1 class=\"wp-block-heading has-text-align-center has-text-color has-link-color wp-elements-5862338820b02ebf0b201e3bbd6baef0\" style=\"color:#294a70;font-size:50px\"><strong>INTERNAT<\/strong><\/h1>\n\n\n\n<h2 class=\"wp-block-heading has-text-align-center has-text-color has-link-color wp-elements-924736020186077485a7dac22538ddc1\" style=\"color:#294a70;font-size:30px\"><strong>Session du 11 Juin 2025<\/strong><\/h2>\n\n\n\n<div class=\"wp-block-buttons is-content-justification-center is-layout-flex wp-container-core-buttons-is-layout-16018d1d wp-block-buttons-is-layout-flex\">\n<div class=\"wp-block-button\"><a class=\"wp-block-button__link has-white-color has-text-color has-background has-link-color has-small-font-size has-text-align-center has-custom-font-size wp-element-button\" href=\"https:\/\/fmpt.ac.ma\/website\/wp-content\/uploads\/2025\/09\/liste_candidats_finale_internat_page-0001.pdf\" style=\"background:linear-gradient(135deg,rgba(3,3,130,0.62) 2%,rgba(40,118,252,0.62) 100%)\"><strong>Consulter<\/strong> <strong>l&rsquo;Avis<\/strong><\/a><\/div>\n<\/div>\n\n\n\n<div style=\"height:71px\" aria-hidden=\"true\" class=\"wp-block-spacer\"><\/div>\n\n\n\n<h1 class=\"wp-block-heading has-text-align-center has-text-color has-link-color wp-elements-03928e8fce91ea7b6c511fd80fcaa642\" style=\"color:#294a70;font-size:50px\"><strong>RESIDANAT<\/strong><\/h1>\n\n\n\n<div class=\"wp-block-columns is-layout-flex wp-container-core-columns-is-layout-9d6595d7 wp-block-columns-is-layout-flex\">\n<div class=\"wp-block-column is-layout-flow wp-block-column-is-layout-flow\">\n<h2 class=\"wp-block-heading has-text-align-center has-text-color has-link-color wp-elements-e75194fe5d58be701513097a65b9a0ac\" style=\"color:#294a70;font-size:30px\"><strong>Session 30 Janvier 2024<\/strong><\/h2>\n\n\n\n<div class=\"wp-block-buttons is-content-justification-center is-layout-flex wp-container-core-buttons-is-layout-16018d1d wp-block-buttons-is-layout-flex\">\n<div class=\"wp-block-button\"><a class=\"wp-block-button__link has-white-color has-text-color has-background has-link-color has-custom-font-size wp-element-button\" href=\"https:\/\/fmpt.ac.ma\/website\/wp-content\/uploads\/2025\/10\/Liste-des-Admis-Specialites-Biologiques.pdf\" style=\"background:linear-gradient(135deg,rgba(3,3,130,0.66) 0%,rgba(40,118,252,0.47) 100%);font-size:13px\">Liste des Admis \u2013 Sp\u00e9cialit\u00e9s de Biologie<\/a><\/div>\n<\/div>\n\n\n\n<div style=\"height:15px\" aria-hidden=\"true\" class=\"wp-block-spacer\"><\/div>\n\n\n\n<div class=\"wp-block-buttons is-content-justification-center is-layout-flex wp-container-core-buttons-is-layout-16018d1d wp-block-buttons-is-layout-flex\">\n<div class=\"wp-block-button\"><a class=\"wp-block-button__link has-white-color has-text-color has-background has-link-color has-custom-font-size wp-element-button\" href=\"https:\/\/fmpt.ac.ma\/website\/wp-content\/uploads\/2025\/10\/Liste-des-Admis-Specialites-Chirurgicales.pdf\" style=\"background:linear-gradient(135deg,rgba(3,3,130,0.75) 0%,rgba(40,118,252,0.48) 100%);font-size:13px\">Liste des Admis \u2013 Sp\u00e9cialit\u00e9s Chirurgicales<\/a><\/div>\n<\/div>\n\n\n\n<div style=\"height:15px\" aria-hidden=\"true\" class=\"wp-block-spacer\"><\/div>\n\n\n\n<div class=\"wp-block-buttons is-content-justification-center is-layout-flex wp-container-core-buttons-is-layout-16018d1d wp-block-buttons-is-layout-flex\">\n<div class=\"wp-block-button\"><a class=\"wp-block-button__link has-white-color has-text-color has-background has-link-color has-custom-font-size wp-element-button\" href=\"https:\/\/fmpt.ac.ma\/website\/wp-content\/uploads\/2025\/10\/Liste-des-Admis-Specialites-Medicales.pdf\" style=\"background:linear-gradient(135deg,rgba(3,3,130,0.73) 0%,rgba(40,118,252,0.48) 100%);font-size:13px\">Liste des Admis \u2013 Sp\u00e9cialit\u00e9s M\u00e9dicales<\/a><\/div>\n<\/div>\n\n\n\n<div style=\"height:15px\" aria-hidden=\"true\" class=\"wp-block-spacer\"><\/div>\n\n\n\n<div class=\"wp-block-buttons is-content-justification-center is-layout-flex wp-container-core-buttons-is-layout-16018d1d wp-block-buttons-is-layout-flex\">\n<div class=\"wp-block-button\"><a class=\"wp-block-button__link has-white-color has-text-color has-background has-link-color has-custom-font-size wp-element-button\" href=\"https:\/\/fmpt.ac.ma\/website\/wp-content\/uploads\/2025\/10\/Liste-des-Admis-Specialites-Pharmaceutiques.pdf\" style=\"background:linear-gradient(135deg,rgba(3,3,130,0.73) 0%,rgba(40,118,252,0.52) 100%);font-size:13px\">Liste des Admis \u2013 Sp\u00e9cialit\u00e9s pharmaceutiques<\/a><\/div>\n<\/div>\n\n\n\n<div style=\"height:15px\" aria-hidden=\"true\" class=\"wp-block-spacer\"><\/div>\n\n\n\n<div class=\"wp-block-buttons is-content-justification-center is-layout-flex wp-container-core-buttons-is-layout-16018d1d wp-block-buttons-is-layout-flex\">\n<div class=\"wp-block-button\"><a class=\"wp-block-button__link has-white-color has-text-color has-background has-link-color has-custom-font-size wp-element-button\" href=\"https:\/\/fmpt.ac.ma\/website\/wp-content\/uploads\/2025\/10\/Liste-des-Admis-Specialites-Medicales-ETRANGERS.pdf\" style=\"background:linear-gradient(135deg,rgba(3,3,130,0.81) 0%,rgba(40,118,252,0.41) 100%);font-size:13px\">Liste des Admis Etrangers \u2013 Sp\u00e9cialit\u00e9s M\u00e9dicales<\/a><\/div>\n<\/div>\n<\/div>\n\n\n\n<div class=\"wp-block-column is-layout-flow wp-block-column-is-layout-flow\">\n<h2 class=\"wp-block-heading has-text-align-center has-text-color has-link-color wp-elements-8b7fdc4695726f6e3963c7eddd382582\" style=\"color:#294a70;font-size:30px\"><strong>La session du 09 Avril 2025<\/strong><\/h2>\n\n\n\n<div class=\"wp-block-buttons is-content-justification-center is-layout-flex wp-container-core-buttons-is-layout-16018d1d wp-block-buttons-is-layout-flex\">\n<div class=\"wp-block-button\"><a class=\"wp-block-button__link has-white-color has-text-color has-background has-link-color has-custom-font-size wp-element-button\" href=\"https:\/\/fmpt.ac.ma\/website\/wp-content\/uploads\/2025\/04\/Admission-residanat-2025-Resultat-deliberation-version-final-Affichage-Medicale.pdf\" style=\"background:linear-gradient(135deg,rgba(3,3,130,0.69) 0%,rgba(40,118,252,0.47) 100%);font-size:13px\">Sp\u00e9cialit\u00e9s M\u00e9dicales<\/a><\/div>\n<\/div>\n\n\n\n<div style=\"height:15px\" aria-hidden=\"true\" class=\"wp-block-spacer\"><\/div>\n\n\n\n<div class=\"wp-block-buttons is-content-justification-center is-layout-flex wp-container-core-buttons-is-layout-16018d1d wp-block-buttons-is-layout-flex\">\n<div class=\"wp-block-button\"><a class=\"wp-block-button__link has-white-color has-text-color has-background has-link-color has-custom-font-size wp-element-button\" href=\"https:\/\/fmpt.ac.ma\/website\/wp-content\/uploads\/2025\/04\/Admission-residanat-2025-Resultat-deliberation-version-final-Affichage-Chirurgicale.pdf\" style=\"background:linear-gradient(135deg,rgba(3,3,130,0.64) 0%,rgba(40,118,252,0.47) 100%);font-size:13px\">Sp\u00e9cialit\u00e9s Chirurgicales<\/a><\/div>\n<\/div>\n\n\n\n<div style=\"height:15px\" aria-hidden=\"true\" class=\"wp-block-spacer\"><\/div>\n\n\n\n<div class=\"wp-block-buttons is-content-justification-center is-layout-flex wp-container-core-buttons-is-layout-16018d1d wp-block-buttons-is-layout-flex\">\n<div class=\"wp-block-button\"><a class=\"wp-block-button__link has-white-color has-text-color has-background has-link-color has-custom-font-size wp-element-button\" href=\"https:\/\/fmpt.ac.ma\/website\/wp-content\/uploads\/2025\/04\/Admission-residanat-2025-Resultat-deliberation-version-final-Affichage-Biologique.pdf\" style=\"background:linear-gradient(135deg,rgba(3,3,130,0.66) 0%,rgba(40,118,252,0.46) 100%);font-size:13px\">Sp\u00e9cialit\u00e9s Biologiques<\/a><\/div>\n<\/div>\n\n\n\n<div style=\"height:15px\" aria-hidden=\"true\" class=\"wp-block-spacer\"><\/div>\n\n\n\n<div class=\"wp-block-buttons is-content-justification-center is-layout-flex wp-container-core-buttons-is-layout-16018d1d wp-block-buttons-is-layout-flex\">\n<div class=\"wp-block-button\"><a class=\"wp-block-button__link has-white-color has-text-color has-background has-link-color has-custom-font-size wp-element-button\" href=\"https:\/\/fmpt.ac.ma\/website\/wp-content\/uploads\/2025\/04\/Resultats-Residanat-PHARMACEUTIQUES.pdf\" style=\"background:linear-gradient(135deg,rgba(3,3,130,0.61) 0%,rgba(40,118,252,0.53) 100%);font-size:13px\">Sp\u00e9cialit\u00e9s Pharmaceutiques<\/a><\/div>\n<\/div>\n<\/div>\n<\/div>\n\n\n\n<div style=\"height:5px\" aria-hidden=\"true\" class=\"wp-block-spacer\"><\/div>\n\n\n\n<div style=\"height:5px\" aria-hidden=\"true\" class=\"wp-block-spacer\"><\/div>\n","protected":false},"excerpt":{"rendered":"<p>INTERNAT Session du 11 Juin 2025 RESIDANAT Session 30 Janvier 2024 La session du 09 Avril 2025<\/p>\n","protected":false},"author":5,"featured_media":0,"parent":0,"menu_order":0,"comment_status":"closed","ping_status":"closed","template":"","meta":{"footnotes":""},"class_list":["post-5312","page","type-page","status-publish","hentry"],"_links":{"self":[{"href":"https:\/\/fmpt.ac.ma\/website\/wp-json\/wp\/v2\/pages\/5312","targetHints":{"allow":["GET"]}}],"collection":[{"href":"https:\/\/fmpt.ac.ma\/website\/wp-json\/wp\/v2\/pages"}],"about":[{"href":"https:\/\/fmpt.ac.ma\/website\/wp-json\/wp\/v2\/types\/page"}],"author":[{"embeddable":true,"href":"https:\/\/fmpt.ac.ma\/website\/wp-json\/wp\/v2\/users\/5"}],"replies":[{"embeddable":true,"href":"https:\/\/fmpt.ac.ma\/website\/wp-json\/wp\/v2\/comments?post=5312"}],"version-history":[{"count":108,"href":"https:\/\/fmpt.ac.ma\/website\/wp-json\/wp\/v2\/pages\/5312\/revisions"}],"predecessor-version":[{"id":7179,"href":"https:\/\/fmpt.ac.ma\/website\/wp-json\/wp\/v2\/pages\/5312\/revisions\/7179"}],"wp:attachment":[{"href":"https:\/\/fmpt.ac.ma\/website\/wp-json\/wp\/v2\/media?parent=5312"}],"curies":[{"name":"wp","href":"https:\/\/api.w.org\/{rel}","templated":true}]}}