{"id":863,"date":"2024-03-20T11:46:54","date_gmt":"2024-03-20T10:46:54","guid":{"rendered":"https:\/\/fmpt.ac.ma\/website\/?page_id=863"},"modified":"2024-03-25T11:25:31","modified_gmt":"2024-03-25T10:25:31","slug":"diplome-universitaire-prevention-promotion-de-la-sante-et-education-pour-la-sante","status":"publish","type":"page","link":"https:\/\/fmpt.ac.ma\/website\/diplome-universitaire-prevention-promotion-de-la-sante-et-education-pour-la-sante\/","title":{"rendered":"Dipl\u00f4me Universitaire -Pr\u00e9vention , Promotion de la Sant\u00e9 et \u00c9ducation Pour La Sant\u00e9"},"content":{"rendered":"\n<figure class=\"wp-block-image size-full\"><img loading=\"lazy\" decoding=\"async\" width=\"1137\" height=\"824\" src=\"http:\/\/www.fmpt.ac.ma\/website\/wp-content\/uploads\/2024\/03\/affiche-1.png\" alt=\"\" class=\"wp-image-864\" srcset=\"https:\/\/fmpt.ac.ma\/website\/wp-content\/uploads\/2024\/03\/affiche-1.png 1137w, https:\/\/fmpt.ac.ma\/website\/wp-content\/uploads\/2024\/03\/affiche-1-1024x742.png 1024w, https:\/\/fmpt.ac.ma\/website\/wp-content\/uploads\/2024\/03\/affiche-1-768x557.png 768w, https:\/\/fmpt.ac.ma\/website\/wp-content\/uploads\/2024\/03\/affiche-1-360x261.png 360w\" sizes=\"auto, (max-width: 1137px) 100vw, 1137px\" \/><\/figure>\n","protected":false},"excerpt":{"rendered":"","protected":false},"author":2,"featured_media":0,"parent":0,"menu_order":0,"comment_status":"closed","ping_status":"closed","template":"","meta":{"footnotes":""},"class_list":["post-863","page","type-page","status-publish","hentry"],"_links":{"self":[{"href":"https:\/\/fmpt.ac.ma\/website\/wp-json\/wp\/v2\/pages\/863","targetHints":{"allow":["GET"]}}],"collection":[{"href":"https:\/\/fmpt.ac.ma\/website\/wp-json\/wp\/v2\/pages"}],"about":[{"href":"https:\/\/fmpt.ac.ma\/website\/wp-json\/wp\/v2\/types\/page"}],"author":[{"embeddable":true,"href":"https:\/\/fmpt.ac.ma\/website\/wp-json\/wp\/v2\/users\/2"}],"replies":[{"embeddable":true,"href":"https:\/\/fmpt.ac.ma\/website\/wp-json\/wp\/v2\/comments?post=863"}],"version-history":[{"count":3,"href":"https:\/\/fmpt.ac.ma\/website\/wp-json\/wp\/v2\/pages\/863\/revisions"}],"predecessor-version":[{"id":1097,"href":"https:\/\/fmpt.ac.ma\/website\/wp-json\/wp\/v2\/pages\/863\/revisions\/1097"}],"wp:attachment":[{"href":"https:\/\/fmpt.ac.ma\/website\/wp-json\/wp\/v2\/media?parent=863"}],"curies":[{"name":"wp","href":"https:\/\/api.w.org\/{rel}","templated":true}]}}