{"id":943,"date":"2024-03-21T13:16:12","date_gmt":"2024-03-21T12:16:12","guid":{"rendered":"https:\/\/fmpt.ac.ma\/website\/?page_id=943"},"modified":"2024-04-05T17:55:44","modified_gmt":"2024-04-05T15:55:44","slug":"membres-du-comite-dethique","status":"publish","type":"page","link":"https:\/\/fmpt.ac.ma\/website\/membres-du-comite-dethique\/","title":{"rendered":"Membres du comit\u00e9 d\u2019\u00e9thique"},"content":{"rendered":"\n<p><\/p>\n\n\n\n<figure class=\"wp-block-table has-medium-font-size\"><table><tbody><tr><td><\/td><td>Nom et pr\u00e9nom<\/td><td>Sp\u00e9cialit\u00e9<\/td><\/tr><tr><td>Pr\u00e9sident<\/td><td>Pr. KHALLOUK Abdelhak<\/td><td>Urologie<\/td><\/tr><tr><td>Membre<\/td><td>Pr. NAJDI Adil<\/td><td>M\u00e9decine Communautaire<\/td><\/tr><tr><td>Membre<\/td><td>Pr. EL AMMOURI Adil<\/td><td>Psychiatrie<\/td><\/tr><tr><td>Membre<\/td><td>Pr. BENNANI MECHITA Adil<\/td><td>G\u00e9n\u00e9tique Humaine et Biologie Mol\u00e9culaire<\/td><\/tr><tr><td>Membre<\/td><td>Pr. NYA Samir<\/td><td>M\u00e9decine l\u00e9gale<\/td><\/tr><tr><td>Membre<\/td><td>Pr. TANANI Driss<\/td><td>Pharmacologie<\/td><\/tr><tr><td>Membre<\/td><td>Pr. YAHYAOUI Abdelghani<\/td><td>Fondamentaux de la religion Islamique&nbsp; &nbsp;&nbsp;<\/td><\/tr><tr><td>Membre<\/td><td>Pr. ZEKRITI Abderrahman<\/td><td>Sociologie<\/td><\/tr><tr><td>Membre<\/td><td>Pr. EL HOUSSAINI Zine Elabidine<\/td><td>Droit publique<\/td><\/tr><tr><td>Membre<\/td><td>Pr. AKNIN Noura<\/td><td>Technologies de l\u2019information et T\u00e9l\u00e9communication<\/td><\/tr><tr><td>Membre<\/td><td>Pr. ABOURAZZAKE Fatima Ezzahra<\/td><td>Rhumatologie<\/td><\/tr><tr><td>Membre<\/td><td>Pr. FOURTASSI Maryam<\/td><td>M\u00e9decine physique et r\u00e9adaptation<\/td><\/tr><tr><td>Membre<\/td><td>Pr. BOURKIA Maryam<\/td><td>M\u00e9decine interne<\/td><\/tr><tr><td>Membre<\/td><td>Pr. MOUSTAIDE Houda<\/td><td>Gyn\u00e9cologie obst\u00e9trique<\/td><\/tr><tr><td>Membre<\/td><td>Pr. RAISOUNI zainab<\/td><td>Cardiologie<\/td><\/tr><\/tbody><\/table><\/figure>\n","protected":false},"excerpt":{"rendered":"<p>Nom et pr\u00e9nom Sp\u00e9cialit\u00e9 Pr\u00e9sident Pr. KHALLOUK Abdelhak Urologie Membre Pr. NAJDI Adil M\u00e9decine Communautaire Membre Pr. EL AMMOURI Adil Psychiatrie Membre Pr. BENNANI MECHITA Adil G\u00e9n\u00e9tique Humaine et Biologie Mol\u00e9culaire Membre Pr. NYA Samir M\u00e9decine l\u00e9gale Membre Pr. TANANI <a href=\"https:\/\/fmpt.ac.ma\/website\/membres-du-comite-dethique\/\" class=\"read-more\">Read More &#8230;<\/a><\/p>\n","protected":false},"author":2,"featured_media":0,"parent":0,"menu_order":0,"comment_status":"closed","ping_status":"closed","template":"","meta":{"footnotes":""},"class_list":["post-943","page","type-page","status-publish","hentry"],"_links":{"self":[{"href":"https:\/\/fmpt.ac.ma\/website\/wp-json\/wp\/v2\/pages\/943","targetHints":{"allow":["GET"]}}],"collection":[{"href":"https:\/\/fmpt.ac.ma\/website\/wp-json\/wp\/v2\/pages"}],"about":[{"href":"https:\/\/fmpt.ac.ma\/website\/wp-json\/wp\/v2\/types\/page"}],"author":[{"embeddable":true,"href":"https:\/\/fmpt.ac.ma\/website\/wp-json\/wp\/v2\/users\/2"}],"replies":[{"embeddable":true,"href":"https:\/\/fmpt.ac.ma\/website\/wp-json\/wp\/v2\/comments?post=943"}],"version-history":[{"count":3,"href":"https:\/\/fmpt.ac.ma\/website\/wp-json\/wp\/v2\/pages\/943\/revisions"}],"predecessor-version":[{"id":1403,"href":"https:\/\/fmpt.ac.ma\/website\/wp-json\/wp\/v2\/pages\/943\/revisions\/1403"}],"wp:attachment":[{"href":"https:\/\/fmpt.ac.ma\/website\/wp-json\/wp\/v2\/media?parent=943"}],"curies":[{"name":"wp","href":"https:\/\/api.w.org\/{rel}","templated":true}]}}